/(1/(-10))?
2
Let h(y) = 10*y**2 + 10*y + 9. Let j be h(-7). Suppose 2*l = -l + j. Suppose -5*n + 5*w + 670 = -0*n, n + 2*w = l. What is the hundreds digit of n?
1
Suppose 0 = -2*t - x + 13047, 7*x - 9*x + 19573 = 3*t. What is the thousands digit of t?
6
Let v(x) = 3*x**2 - 68*x - 593. What is the tens digit of v(-72)?
5
Let l be (-1)/(-3) - 50146/(-6). Suppose -6842 = -25*y + l. What is the hundreds digit of y?
6
Suppose s = 6*m - 334961, -m + s + 76033 = 20212. What is the tens digit of m?
2
Let j(m) = 503*m**2 + 5*m - 6. Suppose 2 = 2*f - 3*a, -5*f - 6*a = -5*a - 5. What is the tens digit of j(f)?
0
Let v(z) = -803*z - 1079. What is the tens digit of v(-3)?
3
Suppose 4*i = -3*a + 103, -20*i + 17*i + 72 = 4*a. Let q be (183 - 1)/((-1)/31). What is the hundreds digit of 1/(-2) - q/i?
2
Let m(x) = 50*x**2 + 77*x - 14. What is the units digit of m(9)?
9
Let n = 1936 + -1216. Suppose 4*t - n = -2*m, 0*m - 5*m - 5*t + 1800 = 0. What is the units digit of m?
0
Let p be (-195)/(-26) - 1/2. Let t = p - -19. Suppose -4*r + 434 - t = 0. What is the units digit of r?
2
Let y = 1427 + -694. Suppose -2*p - 5*l = -y, 0*l + 1501 = 4*p + 3*l. What is the tens digit of p?
7
Suppose 21*z + 34*z = 34*z + 1461936. What is the tens digit of z?
1
Suppose -4*k + 16793 = 81*y - 74*y, 0 = 5*k - 3*y - 20956. What is the hundreds digit of k?
1
Let m be 14/(-10) - -1 - 23544/90. Let u = m - -1022. What is the units digit of u?
0
Let h = 42440 + -25949. What is the tens digit of h?
9
Let r(m) = 65*m - 394 - 417 + 824. Let v be (4/(-7))/((-8)/28). What is the tens digit of r(v)?
4
Let m = 39 - 32. Suppose v + 3 = m. Suppose 2*w - o - o = 128, -o + 241 = v*w. What is the units digit of w?
1
Let s = 1207 + -1930. Let g = s - -1207. What is the units digit of g?
4
Suppose -27*p = -19*p - 768. What is the tens digit of ((-4)/(-1))/(p/72) - -656?
5
Suppose -54*g - 163696 = -262*g. What is the tens digit of g?
8
Suppose -l - h - 36 = 0, -l - 20 = 4*h - 7*h. Let f = 35 + l. Suppose 250 = 4*m - m - 2*x, -2*m = f*x - 158. What is the units digit of m?
2
Let f(u) be the second derivative of -u**5/30 + u**4/3 + 25*u**3/6 + 29*u. Let c(h) be the second derivative of f(h). What is the tens digit of c(-6)?
3
Let b(c) = 5*c**3 - 49*c**2 + 13*c - 148. What is the ten thousands digit of b(20)?
2
Let r(t) = -34*t - 381. Let k be r(-17). Let a = 808 + k. What is the hundreds digit of a?
0
Let j = -23586 - -38786. What is the ten thousands digit of j?
1
Let d = 10541 - 2102. What is the tens digit of d?
3
What is the ten thousands digit of 33159*1/(118/(-531) + 11/9)?
3
Let j(g) = -3*g**3 - 2*g**2 - 10*g - 16. Let v be j(-5). Suppose 0 = b - v - 52. What is the tens digit of b?
1
Let s(l) = -41*l + 6. Let j(i) = 62*i - 12. Let n(c) = 62*c - 11. Let w(m) = 2*j(m) - 3*n(m). Let o(a) = -8*s(a) + 5*w(a). What is the units digit of o(7)?
3
What is the tens digit of 311*(-12)/(-72)*150?
7
Suppose 5*a = -5*a + 1100. Let t = 435 - a. What is the units digit of t?
5
Let f be (-12)/(-4 - (-52)/16). Let w(j) be the third derivative of 5*j**4/12 - 35*j**3/6 - 31*j**2. What is the hundreds digit of w(f)?
1
Suppose 193*s - 188*s + 4*q = 18955, -4*q = -2*s + 7582. What is the thousands digit of s?
3
What is the thousands digit of (14 - 9 - -8061)*1?
8
Suppose f + f - 19 = 3*u, 3*f - 2*u - 21 = 0. Suppose -s + 2*w = -f*s + 600, 2*s + 4*w = 312. Suppose -23 + s = 5*l. What is the units digit of l?
5
Suppose 89*k - 824081 = 16*k - 178250. What is the tens digit of k?
4
Let x be -101*(1 - (-5 - -5)). Let z be (1 - 1 - 5/2)*-68. Let y = x + z. What is the units digit of y?
9
Let g be (-26 + 12)/(3/(-21)). Let t = 97 - g. What is the units digit of -102*7/(-14) - (1 - t)?
9
Suppose 4*s - 7*f + 3*f + 2336 = 0, f - 1744 = 3*s. Let l = s + 1298. What is the units digit of l?
8
Suppose -14 = -2*s + 2*t, -2*s - 4*t = -25 + 5. Suppose 4*p + 4*p = s. What is the units digit of p + 0 - 28/(-14)?
3
Let o = 19204 - 11503. What is the tens digit of o?
0
Let r(j) = j**3 - 10*j**2 + 7*j + 27. Let a be r(9). Suppose 1481 = 3*q - 2*d, 8*d + 487 = q + a*d. What is the hundreds digit of q?
4
Suppose -4*s + 6*s = 6. Let x(z) = 57 + 15*z - 23*z**2 + 22*z**3 + s*z - 23*z**3. What is the hundreds digit of x(-24)?
2
Let h = 1559 + -1209. What is the tens digit of h?
5
Let j be (0 + (-20)/12)/(2/6). What is the units digit of (-1)/(8/3980*j/4)?
8
Let d = 230 + -222. Suppose 0 = -d*b + 1 + 2695. What is the tens digit of b?
3
What is the thousands digit of -10 + (-97818)/24*-4?
6
Let z(k) = -35*k + 978. Suppose -5*n = -218 + 218. What is the tens digit of z(n)?
7
Let d(z) = 2349*z**2 - 5*z - 12. What is the units digit of d(-1)?
2
Let j = 9 + 106. What is the tens digit of (174/(-10))/((-23)/j)?
8
Let y(q) = 20*q - 78. Let t be y(4). Suppose t*b - 136 - 464 = 0. What is the hundreds digit of b?
3
Let d(j) = -6*j - 61. Let f be d(-9). Let k(r) = -r**3 - r**2 - 35*r - 12. What is the tens digit of k(f)?
2
Let l(g) = -g**3 + 8*g**2. Let q be l(8). Let n be (18/(-4))/(42/(-28))*-5. What is the tens digit of (n - -34)/(1 + q)?
1
Let m(w) = 14*w**2 - 3*w + 47. Let o be m(-8). Suppose -y = 2, -3*a + o = -4*y + 5*y. What is the hundreds digit of a?
3
Suppose -30*m + 2166999 = 16*m - 786385. What is the ten thousands digit of m?
6
Let w = 12 + 56. Suppose 5*i - w = -48. What is the hundreds digit of ((-246)/i)/(18/4 + -5)?
1
Let j = -8031 + 17183. Suppose -21*d - j = -29*d. What is the units digit of d?
4
Suppose 5*i + 5*h - 2585 = 0, -1726 = -4*i - 5*h + 345. Suppose 6*c + 261 = w + 2*c, 2*w - 4*c - i = 0. What is the tens digit of w?
5
Suppose 3826*n + 53850 = 3841*n. What is the thousands digit of n?
3
What is the ten thousands digit of ((-9)/324*12)/(-1 - (-487000)/487002)?
8
Let l(j) = 2*j**3 + 4*j**2 - 8*j + 12. Let k be l(-5). Let y = 101 + k. Suppose y*a + 2*z - 223 = 0, -2*a = -6*z + 3*z - 166. What is the tens digit of a?
7
Suppose 0 = u + 4*z + 10, 5*u + 4*z + 2 = -0. Suppose 3*x - 6781 = -4*d, 3 = -x + u. What is the units digit of d?
6
Suppose 0 = -94*q + 673195 + 506983 - 125686. What is the tens digit of q?
1
Let j be 4/(-6)*(-474 - -6). Let i = j - 204. What is the hundreds digit of i?
1
Suppose 115 = -5*f - b, -92 = f + 3*f + b. Let s(r) = 2*r**2 + 30*r - 83. What is the units digit of s(f)?
5
Suppose -154968 - 97709 = -12*a + 69535. What is the units digit of a?
1
Let h(k) = k**3 + 8*k**2 - 5*k + 37. Let x be h(-9). What is the units digit of (-3)/3*x + 20?
9
Let a = 20541 - -2688. What is the units digit of a?
9
Let k(x) = 5*x**3 - x**2 - 10*x + 6. Let f be k(-4). Let o = 490 + f. What is the units digit of o?
0
Suppose 0 = -3*u + 2*q - 5, -2*u = -2*q - 8 + 10. What is the units digit of 160/24*(-648)/u?
0
Let o = 176 - 150. Suppose o*v - 1408 = 22*v. What is the hundreds digit of v?
3
Let j(p) = p**2 - 26*p - 27. Let a be j(25). Let r = a + 252. Suppose 406 = 5*u - 3*i - 108, 2*u - r = 4*i. What is the units digit of u?
4
Let r = 9632 + -6232. What is the thousands digit of r?
3
Let h be 4 + -8 + 4 - (-5 - -1). Suppose -2*b + 7*b - 2019 = -4*d, 2034 = h*d + 2*b. What is the tens digit of d?
1
Let b(h) = -70*h + 5342. What is the tens digit of b(-9)?
7
Let l = 674 + 886. What is the tens digit of l?
6
Suppose 0 = -4*j - l + 3064, 63*j - 61*j = -3*l + 1512. What is the hundreds digit of j?
7
Suppose 8*j - 11*j = -15. Suppose 4*z + 0*z + 4*x = 168, 0 = j*x + 10. What is the hundreds digit of (-1050)/(-4)*(z/(-5))/(-11)?
2
Let t(z) = 143*z**2 - 65*z - 584. What is the thousands digit of t(-8)?
9
Let l = -228 - -230. Suppose -3*v + 722 = l*b, -2*b + 4*v = 2*b - 1484. What is the tens digit of b?
6
Let i be (-28)/7 - -1 - -3. Suppose i = -4*r - 5*r + 4446. What is the hundreds digit of r?
4
Let d(c) = c**3 + 28*c**2 - 65*c + 5. Let l(p) = 10*p**2 - 22*p + 1. Let z(x) = 2*d(x) - 7*l(x). What is the tens digit of z(8)?
2
Suppose z - 1689 + 8115 = 7*z. What is the units digit of z?
1
Suppose 0 = -12*z + 10*z + 6. Suppose 0*n + 83 = 2*k + n, z*n = k - 24. What is the units digit of k?
9
Let u be (10/(-15))/(((-8)/(-3))/(-8)). Suppose 0 = u*n - 27*t + 24*t - 932, -5*t = 4*n - 1864. What is the units digit of n?
6
Let f(n) be the third derivative of n**5/20 - n**4/12 + 9*n**3/2 - 69*n**2 - 1. What is the tens digit of f(15)?
7
Let